ed by a?
15
Let z(b) = -17*b**3 + 93*b**2 + 4*b - 12. Let a(s) = -s**3 + s**2. Let l(y) = -2*a(y) + z(y). What is the remainder when 575 is divided by l(6)?
47
Suppose -6*x - s + 742 = 0, 0 = -3*x - 101*s + 102*s + 365. Calculate the remainder when 1718 is divided by x.
119
Suppose -772*u + 300 = -760*u. Calculate the remainder when 69 is divided by u.
19
Let z(n) = n**3 + 10*n**2 + 9*n + 2. Let l be z(-9). Suppose -8*h + l*h = -60. What is the remainder when 21 is divided by (-45)/(-75) - (-114)/h?
9
Let z(o) = -8*o - 16. Let p be z(-5). Let i be (-3 - 0) + 1992/p. Suppose 0*h = 8*h - i. Calculate the remainder when 36 is divided by h.
6
Suppose 38 = 5*m + 2*x, 40*m - 43*m = -4*x - 28. Suppose 0 = p - m*p + 119. What is the remainder when 58 is divided by p?
7
Let o(q) = 12*q**2 + 28*q + 47. Calculate the remainder when 453 is divided by o(-2).
24
Let f be (4/(-5))/(2/5)*-1. Let m(z) = -3*z**2 + 11*z - z**2 + 10 + 5*z**f + 2*z**2. What is the remainder when m(-9) is divided by 31?
30
Let b be 80/32 - 1139/2. Let h = b + 593. What is the remainder when 101 is divided by h?
23
Let q be (-1)/(3/(-60)*5). Suppose -4*s - q = 2*j - 30, 0 = 5*j - 3*s - 65. Calculate the remainder when 66 is divided by j.
1
Let b(l) be the first derivative of -l**4/4 - 2*l**3/3 - 2*l**2 + 3. Let x = 20393 + -20340. Calculate the remainder when x is divided by b(-3).
11
Let g(c) = c**3 - 8*c**2 - 4*c - 16. Let f be g(7). Let i = f + 93. Suppose i = -6*k + 29 + 349. What is the remainder when k is divided by 22?
19
Let d = -361 + 375. Suppose -2075 = -7*y + 2*y. Suppose -3*r + y = 2*r. Calculate the remainder when r is divided by d.
13
Suppose 3*r = -2*k - 410, -5*k + 325 + 191 = -4*r. Let i = -89 - r. What is the remainder when i is divided by 12?
9
Let l be (34/3)/((-1)/(-3)). Suppose -3*c = -2 - l. Let i(v) = -v**3 - 24*v**2 - 79*v + 42. What is the remainder when i(-20) is divided by c?
10
Let r(w) = 74*w**2 - 9*w - 10. Calculate the remainder when 1455 is divided by r(-1).
68
Let d = -35 - -165. Suppose -153*q - 12146 + 14441 = 0. Calculate the remainder when d is divided by q.
10
Suppose 0*v - 36 = -4*v. Suppose -6*z + 10*z + 120 = 0. Let q = 35 + z. Calculate the remainder when v is divided by q.
4
Suppose 0 = -3*w + 4*s + 14, -2*w + 5*s + 7 = -7. Suppose 34 = w*q + 8. Suppose -105 = -q*j + 10*j. What is the remainder when j is divided by 9?
8
Let m(a) = -7*a - 290. Calculate the remainder when 1003 is divided by m(-62).
139
Let o = 747 + -585. Calculate the remainder when o is divided by 19.
10
Suppose -a + 24 - 5 = -3*b, 0 = -4*a + b + 43. Let h be (-153)/(-85) - (-2)/a. Suppose 0 = h*s - 16 - 12. What is the remainder when 38 is divided by s?
10
Let u = -134 + 59. Calculate the remainder when 58/6*(96 + u) is divided by 17.
16
Let c(z) = 46*z - 1945. Calculate the remainder when 185 is divided by c(43).
20
Suppose -24 + 474 = 50*v. Calculate the remainder when 9 is divided by v.
0
Let t be -4*6/96*0. Suppose t = 3*z + 5*r - 7, z + 2*r = -z + 6. What is the remainder when 40 is divided by z?
0
What is the remainder when (-6)/4*110584/(-276) is divided by 11?
7
Let k = -80 - -99. Let w(c) = 92*c - 366. Calculate the remainder when w(5) is divided by k.
18
Let g = 110 + -80. Calculate the remainder when -3*(-6 - 8) - -8 is divided by g.
20
What is the remainder when (-4 - (4 - -2))*330/(-12) is divided by 88?
11
Let d(r) = -2*r**2 - 12*r + 21. Let s = -48 - -37. Let m be d(s). Let t = m - -166. What is the remainder when t is divided by 40?
37
Calculate the remainder when ((-12920)/16)/(-5)*4 + 4 is divided by 57.
23
Calculate the remainder when 655 is divided by (-17)/((-6)/252*6).
60
Suppose 14*v - 15*v + 324 = 0. Suppose -7 = 12*z - 13*z. Suppose -5*x = z*x - v. Calculate the remainder when 105 is divided by x.
24
Let h(u) = -3*u**3 - 3*u**2 - u + 10. Let a be h(-4). Let k = 164 - a. Calculate the remainder when 8 is divided by k.
2
Calculate the remainder when 1506/9 - ((-1001)/1911 + (-3)/21) is divided by 27.
6
Suppose -5*j = 5*d - 295, 5*j - 4*d = -79 + 347. Let x(c) = c**3 - 9*c**2 + 12*c - 11. Calculate the remainder when j is divided by x(8).
14
Let g(h) = 12*h**2 + 78*h + 425. What is the remainder when g(-6) is divided by 97?
1
Let h be 3/15 - (-26)/(-5). Let r be ((-5)/h + 0)/((-2)/(-28)). What is the remainder when 105 is divided by -9 + 8 + (r - 1)?
9
Suppose 61 - 15 = u + 2*l, 0 = -u - 4*l + 52. Let i = -114644 - -114685. What is the remainder when i is divided by u?
1
Let s(y) = -40*y + 494. What is the remainder when (-306)/12*-1*2 is divided by s(12)?
9
Let a(x) = -9*x + 19. Let v be a(0). Suppose 3*r - 462 = -v*r. Calculate the remainder when 145 is divided by r.
19
Let p(j) = -81*j - 1008. Calculate the remainder when p(-16) is divided by 282.
6
Suppose -448 = -4*x + 5*n, -139 + 27 = -x + 4*n. What is the remainder when 285 is divided by x?
61
Let l(u) = 2*u**3 + 13*u**2 - 13*u - 19. Let w be l(-7). Let s(f) = -2*f**2 + 48*f - 8. What is the remainder when 104 is divided by s(w)?
28
Let h(g) = 11*g**3 - 12*g**2 + 3*g - 1. Calculate the remainder when h(4) is divided by 16.
11
Let j = 627 - 628. Calculate the remainder when 364 is divided by -69*j/(10 + -7).
19
Let z = -8018 + 8490. Calculate the remainder when z is divided by 99.
76
Suppose -7*w = -32 - 227. Suppose 10*u = 23 + w. Calculate the remainder when 46 is divided by u.
4
Let d(b) = 29*b**2 - 3*b - 2. Let z(u) = -u + 10. Let n be z(11). Let l = 0 + 12. Calculate the remainder when d(n) is divided by l.
6
Suppose -71*i = -65*i - 84. Let h(c) = -c**2 - 7*c - 7. Calculate the remainder when i - 1*(-3 + (0 - -5)) is divided by h(-5).
0
Let p(m) = m**3 + 5*m**2 - 3*m - 13. Calculate the remainder when p(5) is divided by (-126)/27*(75/(-21) - -1).
6
Suppose -51 = 5*h - 366. What is the remainder when h is divided by (-10 + -17 + 34 + 4)*1?
8
Let f = 960822 + -960809. Suppose -68 = t - 3*t. Let r = 58 - t. What is the remainder when r is divided by f?
11
Let u(l) = 22*l - 42. Calculate the remainder when 133 is divided by u(4).
41
Let q(s) = s**3 + s**2 + 2. Let o(l) = 4*l**3 + 8*l**2 + 14*l + 141. Let k(w) = o(w) - 3*q(w). What is the remainder when 357 is divided by k(-6)?
12
Let z = 187 + -91. Calculate the remainder when 366 is divided by z.
78
Let x(j) = -j**2 + 23*j + 69. Let l(r) = r**3 - 4*r**2 - 5*r + 6. Let o be l(5). Let f(m) = m + 5. What is the remainder when x(20) is divided by f(o)?
8
Suppose 0 = 3*o - 3*w - 0*w + 45, 2*w - 20 = o. Let u be (-516)/o - 10/(-25). Let y = u + -41. Calculate the remainder when y is divided by 5.
1
Let z(r) = -121*r + 15. Let h be z(-6). Let l be h/117 - ((-4)/6 + 1). Suppose -2*y - l*y + 240 = 0. Calculate the remainder when y is divided by 8.
6
Let t be 5 + 2597/14 - (-1)/(-2). Suppose 7*a = 328 + t. Calculate the remainder when 442 is divided by a.
72
Let k = 2505 - 2432. Calculate the remainder when 1605 is divided by k.
72
Suppose -191*a + 176*a + 1005 = 0. What is the remainder when 143 is divided by a?
9
Suppose 0 = -3*i + 4*i + 4, -3*m - 68 = 2*i. Let o = -13 - m. Suppose -o + 4 = -k. What is the remainder when 13 is divided by k?
1
Let m = 41 - 47. Let y be -8 + m/(-4)*6/9. Calculate the remainder when 92 is divided by y + 3 - (-8 - 15).
16
Suppose -4*p = -304 + 592. Let r(s) = -s + 11. Calculate the remainder when 2*-51*(-4)/p*-3 is divided by r(5).
5
Let h = -3346 + 3392. What is the remainder when 1560 is divided by h?
42
Let j = 1659 + -1620. What is the remainder when 84 is divided by j?
6
Let f = -1 - -3. Suppose 2*x + f*x = -w + 40, -4*w = -2*x - 196. Suppose -2*q + w = 2*q. What is the remainder when 23 is divided by q?
11
Let r = -209 + 352. Let k be 49/((-8)/(-8) - 2). Let v = k + r. Calculate the remainder when v is divided by 19.
18
Calculate the remainder when 1163 is divided by 190/(-57)*(2 + -2 + (-18)/10).
5
Suppose 6*j - 303 + 87 = 0. Calculate the remainder when (1 - -421) + (-14 - -22) is divided by j.
34
Suppose 18*u - 992 = -4*z + 272, -4*z = -2*u + 96. Let j = 17 + 1. Calculate the remainder when u is divided by j.
14
Let z(c) = -25*c**3 - 3*c**2 - 7*c - 4. Let h(i) = 73*i**3 + 10*i**2 + 22*i + 13. Let k(g) = 2*h(g) + 7*z(g). What is the remainder when k(-2) is divided by 48?
44
Suppose -6*y + y + 25 = 0. Suppo